2 - 16*k - 46. Suppose -s - 443 = -424. List the prime factors of h(s).
619
Let c(q) be the third derivative of 0*q + 38*q**2 - 1/6*q**4 + 0 + 1/30*q**6 - 1/12*q**5 + 1/6*q**3. List the prime factors of c(4).
7, 23
Let a = -6 + 6. Suppose -2*k + 80 = -2*s, -s + k + k - 36 = a. Let c = 140 + s. List the prime factors of c.
2, 3
What are the prime factors of (1 + -2)/(7*8/(-65576))?
1171
Let a(b) be the second derivative of 229*b**5/20 - 5*b**4/12 + b**3/3 + b**2 - b + 43. List the prime factors of a(1).
2, 3, 19
What are the prime factors of ((-23)/46)/((-2)/(-4)) - -4180?
3, 7, 199
Let a(u) = -u**3 - 8*u**2 - 12*u - 6. Let x be a(-6). What are the prime factors of (4/x)/(8/(-48))?
2
Let r be (366/(-24))/((-1)/4). Let g = 663 + -650. Suppose g*v - r = 147. What are the prime factors of v?
2
Suppose -69 = -3*d + 4*h, 11*h - 6*h = -15. Suppose 26*u + d*u = 48915. List the prime factors of u.
1087
Let g = -480 + 484. Suppose 2*b - 4583 - 1511 = -4*d, g*d = 5*b + 6101. What are the prime factors of d?
2, 3, 127
Let x be (-9)/((-63)/(-2)) + 30/7. Let d(c) = c**2 - c - 9. Let k be d(x). Suppose k*s - 68 = -5*l + 60, 3*s - 53 = -2*l. List the prime factors of l.
5
Let c(k) = 3*k**3 + 32*k**2 + 15*k + 30. Let w be c(-10). What are the prime factors of (-4)/10 - w/50 - -872?
2, 3, 5, 29
Suppose -4*h = -6*d + 3*d - 2122, 2 = d. List the prime factors of h.
2, 7, 19
Suppose 1279 = -52*m - 281. Suppose -2*x - 222 = -5*x. Let t = x + m. What are the prime factors of t?
2, 11
Let l(c) = -c**3 - 55*c**2 + 45*c + 93. What are the prime factors of l(-56)?
709
Let z = 194729 + -116834. What are the prime factors of z?
3, 5, 577
Suppose -458*q + 4*f = -461*q + 32878, q - f - 10957 = 0. What are the prime factors of q?
2, 5479
Let n(g) be the second derivative of g**4/6 + 11*g**3/6 - 127*g**2/2 + 4*g + 4. What are the prime factors of n(14)?
419
Let s be ((-16)/104 - 0) + (-366)/(-13). Let o(x) = -x**3 + 31*x**2 - 54*x + 43. List the prime factors of o(s).
883
Let s = -1824 + 6455. What are the prime factors of s?
11, 421
Suppose u - 19*m + 16*m - 498 = 0, -5*u + 2530 = 5*m. List the prime factors of 2/(1/u*8).
2, 3, 7
Suppose -l + 18 = 6. Let m(c) = 30*c + 13. What are the prime factors of m(l)?
373
What are the prime factors of ((-15129)/(-3))/(10 + -9)?
3, 41
Suppose -65*j + 450368 = 55*j - 112*j. What are the prime factors of j?
2, 31, 227
Let d(m) = -70 + 26*m - 266*m - 9. What are the prime factors of d(-2)?
401
What are the prime factors of (4/(-6) - (-2)/(-15))/(5990/(-199481975))?
2, 7, 11, 173
Let u(p) = -431*p**3 + 2*p**2 + 2*p + 1. Let n be u(-1). Suppose 0 = 2*m + 2*a - 210, -3*a = -4*m - 4*a + n. Let q = m - -5. What are the prime factors of q?
2, 3, 19
Suppose 2*y - 4*c = 7360, 2*y = -2*y + c + 14741. What are the prime factors of y?
2, 19, 97
Let f(j) = -j**3 + 4*j**2 - j + 10. Let b be f(4). Let i be 1*-30*(-3)/b. Let h(y) = y**3 - 16*y**2 + 20*y - 19. What are the prime factors of h(i)?
2, 7
Suppose -3*d + b = -62, -b - 3*b + 72 = 4*d. Let t = -16 + d. Suppose 3*i - 8*i = -4*z + 122, 2*z = -t*i + 48. List the prime factors of z.
2, 7
Suppose -23*l + 1728 = l. Suppose -l*d + 18766 = -61*d. What are the prime factors of d?
2, 853
Suppose 0 = 3*w + 5*b - 2084 - 2141, 3*w = 5*b + 4175. Suppose -17*z + w = -10*z. Suppose 3*x = -4*j + z + 80, -4*x - 51 = -j. List the prime factors of j.
67
Let l(a) = -2*a**2 + 19*a + 10. Let k be l(10). Suppose k*x - 15 = -3*x. Suppose 3*o - 66 - 156 = 3*b, 3*o = -x*b + 206. What are the prime factors of o?
2, 3
Suppose 0 = 5*b - b - 2*r + 6, 0 = 3*b + r - 3. Let g(z) = -2*z**3 - 8*z**2 - 7*z - 2. Let u be g(-6). Suppose b*n - u = -4*n. List the prime factors of n.
2, 23
Let x be (-538)/(-2) + (1 - 3). Let p be 1*((-2)/5 + x/5). Let w = p + 44. List the prime factors of w.
97
Suppose 0 = 4*s + 12, -264*z + 24084 = -261*z + 5*s. List the prime factors of z.
29, 277
Suppose -67*c + 121*c - 1609148 = -70*c. List the prime factors of c.
19, 683
Let r(i) = 33*i - 127. Let m be r(4). What are the prime factors of (-9072)/(-60) + 4/m?
2, 19
Let o(q) = 227*q - 21. Let m be (5/(-1) - -10)*1. List the prime factors of o(m).
2, 557
Suppose -2*x = -4*y + 4, 5*x - 4*y + 16 = x. Let i = 8 + x. What are the prime factors of 135 + 3 + (i - 0)?
2, 5, 7
Let w be (-48684)/390*-5 + 4/(-26). Let r = w + -268. List the prime factors of r.
2, 89
Let q(k) = -k**3 + 3*k**2 - 2*k - 1. Let p be q(2). Let s = 1 + p. What are the prime factors of (288/(-3))/((s - -2) + -3)?
2, 3
Let g be 12/10*(-105)/(-63). Suppose 0 = 4*s - 4*d + 4, 0 = 3*s + g*s - 4*d. List the prime factors of s.
2
Suppose -12 = 12*m - 6*m. Let o be (-21)/(-9) + m - (-231)/9. Suppose -3*z + 4*u = -50, 2*z + 7*u = 6*u + o. List the prime factors of z.
2, 7
Let y = 426 + -424. What are the prime factors of (6601/y - 3)*(-26)/(-65)?
1319
Let v(l) = l**3 - 12*l**2 - 20*l + 27. Suppose 3 + 67 = 5*z. Suppose -101*s + 102*s - z = 0. List the prime factors of v(s).
139
Suppose -1863 = 5*j + 4*t, -j = -3*j + 2*t - 738. Let f = 688 + j. What are the prime factors of f?
317
Let k be (-954)/(-6)*(1/(-3))/(-1). Let u = k - -89. Let j = u + -78. List the prime factors of j.
2
Suppose 7*z + 934 + 6094 = 0. Let l = 1889 + z. List the prime factors of l.
3, 5, 59
Let m = 265 + -262. Suppose 6*g + 12 = m*g, 2*g = -2*f + 2170. List the prime factors of f.
3, 11
Let t = 5301 - 4896. What are the prime factors of t?
3, 5
Let m = 192 + -190. Suppose -5*u = -5, m*n = -n - 2*u + 683. What are the prime factors of n?
227
Let b = 273 + -158. Let g = -111 + b. Suppose -9*u + 1030 = -g*u. What are the prime factors of u?
2, 103
Suppose -35*v + 69*v - 1347575 = -103719. List the prime factors of v.
2, 17, 269
Let k = 1240 - 680. Let n = 962 - k. List the prime factors of n.
2, 3, 67
Suppose 20*u - 5*v + 1917 = 21*u, 4*u = -4*v + 7732. What are the prime factors of u?
13, 149
Suppose 250*p - 5*u = 247*p + 19443, -4*p - 4*u + 25860 = 0. List the prime factors of p.
3, 719
Let o = -4734 - -44393. What are the prime factors of o?
39659
Let g = -18781 - -30517. What are the prime factors of g?
2, 3, 163
Suppose -2*n + 2 = -n. Suppose 2*x = -s + n*s - 290, s = -4*x + 278. Suppose h = 0, -2*q + h + 4*h = -s. List the prime factors of q.
11, 13
Let n = 5598 + -3189. What are the prime factors of n?
3, 11, 73
Suppose 0 = 6*n - 8 - 28. Suppose 352 = -17*u + n*u. Let f = 56 + u. List the prime factors of f.
2, 3
List the prime factors of (16 - 18)/((-12)/24834).
4139
Let d(u) = 772*u**3 + 4*u**2 - 8*u + 55. What are the prime factors of d(4)?
5, 19, 521
Let p = -70 + 25. Let x = p + 49. Suppose f + u - 3*u = 20, -100 = -5*f - x*u. List the prime factors of f.
2, 5
Let x be ((-18649)/(-51))/(1/9). Suppose -5*z + 3297 = -c, -c - x = -5*z - 3*c. List the prime factors of z.
659
Suppose 6 - 42 = -9*w. Let u(d) = -12 - 10*d + 2 + 23*d - 12*d + 6*d**2. List the prime factors of u(w).
2, 3, 5
Suppose 8*v = 5*d + 10*v - 33587, 4*d - 26860 = -4*v. List the prime factors of d.
6719
Let w be (-176)/5 - 3/(-15). Let f(q) = q**2 + 11*q - 77. Let v be f(-18). Let s = v - w. What are the prime factors of s?
2, 3, 7
Suppose -35*z + 132991 = -186174. List the prime factors of z.
11, 829
Let f = -6495 + 11053. List the prime factors of f.
2, 43, 53
Suppose -159*m + 163*m - 20 = 0. Suppose -4*i - 898 = -5*q, -q - m*i + 113 = -84. What are the prime factors of q?
2, 7, 13
Suppose -d = 2*f + 1 - 3, 0 = 4*d - 5*f - 34. Suppose 0 = -4*o + 4*g - 136, o + 3 = 2*g - 30. Let y = d - o. What are the prime factors of y?
41
Suppose -54050 = -4*c - d, -3053 = -3*c + 2*d + 37468. What are the prime factors of c?
59, 229
Let t(s) = -4*s**2 + 11*s - 15 + 9*s**2 + 83 - 10*s. List the prime factors of t(-10).
2, 3, 31
Let k(v) = -3*v**2 - 2*v + 13. Let b be k(3). Let c be ((-9)/(-4))/((-15)/b). Suppose -c*u = -5*g - 437, 372 - 66 = 2*u + 4*g. What are the prime factors of u?
149
Let h = -299 + 304. Suppose -5*u + 210 = h*l, -4*l - 5*u + 135 = -36. List the prime factors of l.
3, 13
Let a be 3/7 + (-5442)/(-42). Suppose 2*t = -40 + a. Let g = t + -27. What are the prime factors of g?
2, 3
Let n be ((-2508)/10)/((-9)/510). Suppose -8*m - n = -42*m. List the prime factors of m.
2, 11, 19
Suppose 32*i + 5*i - 27528 = 0. Suppose -k + i = 5*q, 4*k + 41*